ose -3*m + m = a. Let z(l) = -9*l**3 - l**2 + l + 1. What are the prime factors of z(m)?
2
Let r(p) = -p**2 - 61. Let u be r(0). Let w = u - -86. What are the prime factors of w?
5
Let r be (-1 - 6*-1) + -1. What are the prime factors of (1/(r/60))/1?
3, 5
Suppose -i + 19 = -8. List the prime factors of i.
3
Let z = -11 - -4. Let p(a) = a**2 + 4*a - 1. What are the prime factors of p(z)?
2, 5
Let n be 0 - ((2 - 100) + -2). Suppose 5*z = 3*z + n. List the prime factors of z.
2, 5
Let i(k) = 2*k**3 - 3*k**2 + 1. Let j(f) = 3*f**3 - 3*f**2 - f. Let p(z) = -4*i(z) + 3*j(z). What are the prime factors of p(-3)?
5
Suppose 8 = 2*u - 4. Suppose u = k - 11. List the prime factors of k.
17
Let a(f) = -f - f**3 + 0*f**2 + f**2 + 14 + 0*f**2. Suppose 3*g - 5*p + 5 = 0, -3*g + p + 1 = 2. What are the prime factors of a(g)?
2, 7
Suppose -2*b = -327 - 341. List the prime factors of b.
2, 167
Let g be 8/6*6/4. Suppose g*v - 49 = -13. List the prime factors of v.
2, 3
Let x be 18/(-14) + (-2)/(-7). What are the prime factors of (26 - (3 - 1)) + x?
23
Let f(q) = q**3 - 11*q**2 - q + 13. Let t be f(11). Suppose 257 = 5*j + 5*b - t*b, 2*j = 3*b + 86. What are the prime factors of j?
7
Let n(f) = f**3 - 5*f**2 - 2*f - 5. Let g be n(5). Let s be (2 - g)/((-2)/(-2)). Let w = s + -5. List the prime factors of w.
2, 3
Let c = -1 + 4. Let o(b) = 2*b + 3. What are the prime factors of o(c)?
3
Let q(a) = -a + 10. Let w be q(5). Suppose -r = 4*s - 12, -2*s + w = -r - 1. Suppose -3*z = r, y + 2*z - 16 = -3*y. What are the prime factors of y?
2
Let t(l) = -l**3 + 6*l**2 + 3*l - 3. Let f be t(6). Suppose 30 = 5*j + 4*n, 3*j - n - f = -4*n. List the prime factors of j.
2, 5
Let z(m) = m + 9. Let q be z(-5). Suppose -2*f - 3*f - 2*h + 8 = 0, 5*f + 5*h - 5 = 0. Suppose -22 = -q*r + f*r. What are the prime factors of r?
11
What are the prime factors of 108/6 + 2*1?
2, 5
Suppose -4*t = -3*t. Suppose -2*g - 188 = -t*g. List the prime factors of (-2)/5 + g/(-10).
3
Let j(c) = 57*c + 41. What are the prime factors of j(5)?
2, 163
Suppose -3*h - 4*u = -5*u - 23, -5*u + 2 = -2*h. Let m = h + 2. Suppose 0 = -x + m + 2. List the prime factors of x.
13
Suppose -225 = -3*g - 4*q, -4*g - 83 = -5*g - 4*q. List the prime factors of g.
71
Let i(n) = -5*n**2 + 8*n + 1. Let r be i(6). Let k = r + 73. What are the prime factors of (-4)/(-10) + k/(-5)?
2, 3
Let q(o) = 3*o - 2. Let u(s) = 2 - 11*s - 1 + 7. Let a(z) = 9*q(z) + 2*u(z). What are the prime factors of a(2)?
2
Suppose 3*a - 11 = -c - 1, -5*c = -20. Suppose a*n + 4 = 12. Suppose s + n = 15. List the prime factors of s.
11
Let z(q) = -q**2 + 6*q + 6. Let g be z(7). Let u = -4 + g. Let c = 9 + u. List the prime factors of c.
2
List the prime factors of ((84 - -4)/4)/2.
11
Let v(s) = -s**2 - 12*s - 6. Let c be v(-6). What are the prime factors of 12/c - 166/(-10)?
17
Suppose -4*c = c. Suppose 4*g - 4*l = 16, 4*g + l - 34 = -4*l. Let r = g + c. List the prime factors of r.
2, 3
Suppose -4*y + 180 = -4*a, y - 4*a + 2*a = 48. Let i = y - 25. List the prime factors of i.
17
Suppose 3*j + j - 12 = 0. Let x be 10/3 + 2/j. Let g(d) = -d**3 + 4*d**2 + 3*d - 1. What are the prime factors of g(x)?
11
Let j be 38/(-4) - 1/(-2). Let b be (j/(-15) - 1)*-5. List the prime factors of (2/b + -2)*-5.
5
Suppose -2*d - 1956 = -8*d. What are the prime factors of d?
2, 163
Suppose -2*h + 0*h = -36. Let o = -7 + h. What are the prime factors of o?
11
Let g = -2 - 3. Let t = g - -1. List the prime factors of (-2)/(-8) + (-27)/t.
7
Suppose -3*m = -4*m + 9. Let b(a) = a**2 - 5*a - 1. What are the prime factors of b(m)?
5, 7
Let o(u) = u**2 + 14*u + 23. List the prime factors of o(-14).
23
Let b(s) = 40*s**2 - 1. What are the prime factors of b(1)?
3, 13
Suppose a = 3*a - 2. Let q be 2/3*(a - -5). Suppose -5*w + q*c + 63 = 0, 9 = 4*w + 3*c - 29. List the prime factors of w.
11
Let g(i) = i**3 + 7*i**2 - 2*i - 1. What are the prime factors of g(-5)?
59
Suppose g = -0*g + 3. Suppose 2*d + s - 18 = -g*s, -45 = -2*d + 5*s. List the prime factors of d.
3, 5
Let c = -13 + 10. List the prime factors of 0 - 4*(c + 1).
2
Suppose -2*x - 5*s + 68 = 0, 0 = 2*x + 4*s - 32 - 32. List the prime factors of x.
2, 3
Let w(u) = -13*u**3 - 3*u**2 + 2. What are the prime factors of w(-2)?
2, 47
Let t(z) = -5*z - 9. What are the prime factors of t(-9)?
2, 3
Suppose r = 31 + 45. List the prime factors of r.
2, 19
Let b(c) be the third derivative of 0*c**3 + 0 - c**2 + 0*c + 1/12*c**5 + 0*c**4. List the prime factors of b(1).
5
Let r = 9 + -6. Let n(w) = w**3 - w**2 + w + 1. Let t(x) = -3*x**3 + x**2 + x - 8. Let u(i) = 4*n(i) + t(i). What are the prime factors of u(r)?
11
Let g(s) = 2*s - 11. Suppose -8 = -2*j - 2*p, -3 = -3*j - p - 1. Let f(r) = -9*r**3 + 2*r**2 - 1. Let x be f(j). List the prime factors of g(x).
3
Suppose 0 = -3*z + c - 4, 5*c - 20 = 3*z - z. What are the prime factors of 1/(-2)*-26 - z?
13
Suppose 4*u = u. Suppose 0 = 4*c + 4*k - 20, -c + 4*k - 1 + 6 = u. Suppose c*y = 5 + 5. What are the prime factors of y?
2
Let q(t) = t**3 + 12*t**2 + 20*t + 20. List the prime factors of q(-10).
2, 5
Suppose 0 = -5*s + 8*s - 105. List the prime factors of s.
5, 7
Suppose 297 = 4*h - 135. List the prime factors of h.
2, 3
Let l(m) = -m**2 + 2*m + 13. Let g be l(0). Suppose -j + g = -12. What are the prime factors of j?
5
Let j(y) = -y**2 + 8*y - 12. Let l(m) = m + 1. Let f(k) = -j(k) - 4*l(k). Let p be f(11). What are the prime factors of (-28)/p - 6/18?
3
Suppose -27*k = -23*k - 536. What are the prime factors of k?
2, 67
Suppose 2*p + 2*h - 47 = p, -p = -5*h - 82. List the prime factors of p.
3, 19
Let u = 66 - 42. List the prime factors of u + -2 + 3 + -3.
2, 11
What are the prime factors of 10*(-4 + (-33)/(-6))?
3, 5
Suppose z - 5*d = -0*z - 18, -4*z = -d + 34. Let j = z + 14. Let i = 14 - j. List the prime factors of i.
2
Let m(f) be the first derivative of 2*f - 1/2*f**2 + 1/3*f**3 - 2. List the prime factors of m(3).
2
Let k = 6 - 4. Suppose -2*p + 2*c + 28 = 2*p, -12 = -p - k*c. What are the prime factors of p?
2
Let b = 25 + -13. What are the prime factors of (-1)/(-6) + 118/b?
2, 5
Let n = 8 - 6. Suppose -i - n*q = -0*i - 12, -2*i = q - 27. What are the prime factors of i?
2, 7
Suppose -3*v = -4*v + 3. Let c = 6 + v. List the prime factors of c.
3
Let m = 108 - 79. What are the prime factors of m?
29
Let r be 3 + 1 + (4 - 1). Let o = r + -12. Let n = o - -11. List the prime factors of n.
2, 3
Let f = -2 - -12. Suppose -n = -3*n + 3*r + 9, 2*r = f. Let w = n + -3. What are the prime factors of w?
3
Let m = -35 + 67. What are the prime factors of m?
2
Let p = 0 - 1. Let l(h) = 8*h + 5. Let i(n) = n + 1. Let z(v) = 6*i(v) - l(v). What are the prime factors of z(p)?
3
Let u = 8 - 14. What are the prime factors of 12/18 + (-140)/u?
2, 3
Suppose 3*j + 4 = -j. Let n(q) be the third derivative of -q**6/15 - q**4/24 - 4*q**2. List the prime factors of n(j).
3
Suppose 2 - 8 = -2*h, 42 = -5*r + 4*h. Let p = r - -25. List the prime factors of p.
19
Suppose -3*u - 3*t = 2 + 1, 2*u - 19 = 5*t. Suppose w = u*r - 32, 8 = -2*r - 3*w + 40. List the prime factors of r.
2
Let c(x) = 9*x**2 + x + 1. Let t be -2 + 1 + 1 + 4. Let u be ((-3)/6)/(2/t). List the prime factors of c(u).
3
Let r(g) = -g**3 + 5*g**2 + 2*g - 5. Let x = 10 + -5. Let q be r(x). Suppose 0 = q*f + 21 - 76. What are the prime factors of f?
11
Suppose 0 = 2*m - 6 - 0. Suppose -m*a - 3 = -12. Suppose 5*h = -w - 21, 0 = -5*w + a*h - h + 30. List the prime factors of w.
2
Suppose -4*p = 4*f, 3*p - 8 = f - 2*f. Suppose -3*l + 21 = -0*l - 5*a, 5*l - p*a = 48. What are the prime factors of (-3)/l + (-50)/(-8)?
2, 3
Let g = -13 + 13. Let h(d) = d**3 + 20. List the prime factors of h(g).
2, 5
List the prime factors of (-266)/(-4) + 4/(-8) + 0.
2, 3, 11
Let l be 2/4 + 105/(-14). Let m be -12 + 1 + 0/1. Let t = l - m. List the prime factors of t.
2
Suppose 33 = 2*o + 1. List the prime factors of o.
2
Suppose 3*b - v = 2*v + 33, -5*b + 31 = 3*v. Let c be 15/6*b/10. Suppose -c*a + 17 + 3 = 0. List the prime factors of a.
2, 5
List the prime factors of (-16)/12*(-33)/2.
2, 11
Suppose -3*r - 26 + 80 = 5*t, 0 = -4*t - 3*r + 42. List the prime factors of t.
2, 3
List the prime factors of (-4)/(-26) - 646/(-26).
5
Suppose 4*u + 114 = 2*t 